at is the highest common factor of 451 and 1694?
11
What is the greatest common factor of 5421 and 39?
39
What is the greatest common factor of 20 and 1590?
10
What is the greatest common factor of 3 and 75?
3
What is the greatest common factor of 2537 and 86?
43
Calculate the greatest common divisor of 450 and 162.
18
What is the greatest common divisor of 8 and 348?
4
Calculate the greatest common divisor of 1281 and 1464.
183
Calculate the greatest common divisor of 4 and 10.
2
Calculate the greatest common divisor of 128 and 152.
8
What is the highest common divisor of 39 and 55185?
39
What is the greatest common divisor of 58 and 377?
29
Calculate the greatest common factor of 1024 and 8.
8
What is the greatest common divisor of 59 and 49?
1
Calculate the highest common divisor of 26148 and 12.
12
What is the highest common divisor of 322 and 28?
14
Calculate the highest common factor of 35 and 765.
5
Calculate the highest common divisor of 602 and 215.
43
What is the greatest common factor of 368 and 69?
23
Calculate the highest common factor of 308 and 1309.
77
Calculate the highest common divisor of 7 and 469.
7
What is the highest common factor of 60 and 195?
15
What is the greatest common factor of 240 and 375?
15
What is the greatest common factor of 20 and 540?
20
What is the greatest common divisor of 37 and 333?
37
What is the greatest common factor of 204 and 2550?
102
Calculate the greatest common divisor of 156 and 4953.
39
What is the highest common divisor of 176 and 440?
88
What is the greatest common factor of 850 and 68?
34
Calculate the highest common divisor of 3408 and 639.
213
What is the highest common divisor of 206 and 2?
2
What is the greatest common factor of 20 and 100?
20
Calculate the highest common divisor of 40 and 200.
40
Calculate the highest common divisor of 285 and 105.
15
Calculate the greatest common factor of 429 and 3718.
143
What is the greatest common divisor of 17 and 884?
17
What is the highest common factor of 16 and 568?
8
Calculate the highest common divisor of 20 and 1604.
4
Calculate the greatest common divisor of 127 and 1.
1
Calculate the highest common factor of 84 and 60.
12
What is the greatest common factor of 84 and 700?
28
What is the greatest common divisor of 5 and 6645?
5
What is the greatest common factor of 1233 and 9?
9
What is the greatest common divisor of 364 and 1716?
52
Calculate the greatest common factor of 610 and 60.
10
What is the highest common factor of 6 and 674?
2
Calculate the greatest common divisor of 78 and 975.
39
Calculate the greatest common factor of 2184 and 702.
78
Calculate the highest common divisor of 126 and 4886.
14
What is the greatest common divisor of 13 and 611?
13
What is the highest common factor of 7242 and 102?
102
Calculate the greatest common divisor of 65 and 15.
5
Calculate the highest common divisor of 5988 and 12.
12
Calculate the highest common divisor of 6114 and 6.
6
What is the highest common factor of 350 and 154?
14
What is the highest common divisor of 7767 and 9?
9
Calculate the greatest common factor of 36 and 96.
12
What is the highest common factor of 900 and 1300?
100
Calculate the highest common factor of 1236 and 84.
12
Calculate the greatest common divisor of 126 and 98.
14
Calculate the greatest common factor of 46 and 2.
2
What is the highest common divisor of 1305 and 290?
145
What is the greatest common factor of 375 and 60?
15
Calculate the greatest common factor of 3317 and 1605.
107
What is the greatest common divisor of 212 and 159?
53
What is the greatest common divisor of 15 and 185?
5
What is the greatest common factor of 1064 and 248?
8
Calculate the greatest common factor of 32 and 544.
32
Calculate the greatest common divisor of 14 and 5.
1
Calculate the greatest common divisor of 41 and 328.
41
What is the greatest common factor of 135 and 24570?
135
Calculate the highest common divisor of 17 and 2771.
17
What is the greatest common factor of 16 and 56?
8
Calculate the greatest common factor of 18 and 72.
18
What is the highest common divisor of 9 and 639?
9
Calculate the highest common divisor of 14288 and 2736.
304
Calculate the highest common factor of 4260 and 60.
60
Calculate the highest common factor of 172 and 32.
4
Calculate the greatest common divisor of 300 and 75.
75
What is the highest common divisor of 8 and 2344?
8
What is the greatest common factor of 768 and 24?
24
Calculate the greatest common divisor of 153 and 171.
9
What is the highest common divisor of 27 and 207?
9
What is the highest common divisor of 96 and 120?
24
What is the highest common factor of 75 and 50?
25
What is the highest common divisor of 1430 and 33?
11
What is the greatest common divisor of 89 and 2492?
89
What is the greatest common divisor of 336 and 756?
84
Calculate the greatest common factor of 288 and 96.
96
What is the highest common factor of 3159 and 3645?
243
What is the greatest common factor of 29 and 232?
29
Calculate the highest common factor of 1420 and 213.
71
What is the greatest common divisor of 171 and 76?
19
What is the greatest common factor of 56 and 8204?
28
What is the greatest common divisor of 1139 and 737?
67
Calculate the greatest common divisor of 4500 and 30.
30
What is the highest common factor of 74 and 7622?
74
Calculate the greatest common divisor of 56 and 63.
7
Calculate the highest common divisor of 65 and 15.
5
Calculate the greatest common divisor of 228 and 3249.
57
Calculate the greatest common divisor of 18 and 15834.
6
What is the greatest common factor of 63 and 585?
9
What is the highest common divisor of 12 and 636?
12
Calculate the greatest common divisor of 78 and 30.
6
What is the greatest common factor of 78 and 1144?
26
What is the highest common factor of 92 and 23?
23
What is the greatest common factor of 2262 and 116?
58
What is the greatest common divisor of 318 and 6?
6
Calculate the greatest common divisor of 112 and 21.
7
What is the greatest common divisor of 21 and 56?
7
Calculate the highest common factor of 1258 and 680.
34
What is the highest common divisor of 8 and 25?
1
Calculate the greatest common divisor of 93 and 248.
31
What is the greatest common divisor of 162 and 111?
3
Calculate the highest common factor of 288 and 1.
1
Calculate the highest common divisor of 130 and 156.
26
What is the highest common factor of 210 and 1995?
105
What is the greatest common factor of 6 and 4233?
3
Calculate the highest common divisor of 6 and 6.
6
Calculate the greatest common factor of 71 and 142.
71
What is the highest common divisor of 624 and 552?
24
What is the greatest common factor of 104 and 1240?
8
What is the greatest common divisor of 1190 and 210?
70
What is the greatest common factor of 88 and 12?
4
Calculate the greatest common divisor of 180 and 192.
12
What is the highest common divisor of 444 and 36?
12
Calculate the highest common factor of 69 and 253.
23
What is the highest common divisor of 217 and 36456?
217
What is the greatest common divisor of 60 and 1590?
30
What is the greatest common factor of 6282 and 90?
18
Calculate the highest common divisor of 5370 and 60.
30
What is the greatest common divisor of 45 and 165?
15
What is the highest common divisor of 12 and 708?
12
Calculate the highest common factor of 6 and 78.
6
Calculate the greatest common factor of 36 and 192.
12
Calculate the greatest common factor of 2624 and 82.
82
What is the highest common divisor of 268 and 737?
67
Calculate the greatest common divisor of 7272 and 101.
101
What is the highest common divisor of 22 and 98?
2
What is the greatest common factor of 210 and 525?
105
What is the greatest common divisor of 10 and 54?
2
Calculate the highest common factor of 14877 and 261.
261
What is the greatest common divisor of 147 and 784?
49
What is the greatest common factor of 48 and 3336?
24
Calculate the highest common divisor of 50 and 4.
2
Calculate the highest common divisor of 38 and 38.
38
What is the greatest common divisor of 248 and 93?
31
Calculate the highest common factor of 2262 and 234.
78
Calculate the greatest common factor of 375 and 11875.
125
Calculate the greatest common divisor of 208 and 84.
4
Calculate the highest common divisor of 11 and 2